f 22135?
2
What is the tens digit of 20231?
3
What is the tens digit of 1223?
2
What is the hundreds digit of 73080?
0
What is the tens digit of 4315?
1
What is the hundreds digit of 535?
5
What is the hundreds digit of 2277?
2
What is the hundreds digit of 1567?
5
What is the units digit of 3375?
5
What is the hundreds digit of 4379?
3
What is the units digit of 26796?
6
What is the hundreds digit of 10653?
6
What is the tens digit of 1166?
6
What is the tens digit of 1146?
4
What is the tens digit of 10195?
9
What is the hundreds digit of 7874?
8
What is the ten thousands digit of 21480?
2
What is the units digit of 11587?
7
What is the thousands digit of 36643?
6
What is the thousands digit of 2410?
2
What is the tens digit of 20844?
4
What is the thousands digit of 5043?
5
What is the hundreds digit of 33930?
9
What is the ten thousands digit of 78494?
7
What is the units digit of 1266?
6
What is the tens digit of 870?
7
What is the units digit of 245?
5
What is the tens digit of 46?
4
What is the hundreds digit of 1370?
3
What is the units digit of 82116?
6
What is the tens digit of 8196?
9
What is the units digit of 78808?
8
What is the thousands digit of 30366?
0
What is the tens digit of 709?
0
What is the tens digit of 9901?
0
What is the tens digit of 393?
9
What is the units digit of 5366?
6
What is the hundreds digit of 1926?
9
What is the hundreds digit of 49555?
5
What is the hundreds digit of 5735?
7
What is the units digit of 2384?
4
What is the thousands digit of 13296?
3
What is the thousands digit of 90754?
0
What is the tens digit of 7370?
7
What is the hundreds digit of 1234?
2
What is the tens digit of 162?
6
What is the units digit of 18256?
6
What is the tens digit of 61647?
4
What is the tens digit of 20080?
8
What is the tens digit of 5342?
4
What is the tens digit of 24899?
9
What is the hundreds digit of 2650?
6
What is the ten thousands digit of 10946?
1
What is the units digit of 97?
7
What is the tens digit of 45167?
6
What is the tens digit of 1766?
6
What is the tens digit of 1477?
7
What is the hundreds digit of 939?
9
What is the thousands digit of 2783?
2
What is the tens digit of 471?
7
What is the units digit of 865?
5
What is the hundreds digit of 3228?
2
What is the thousands digit of 24181?
4
What is the units digit of 61?
1
What is the tens digit of 82241?
4
What is the hundreds digit of 29169?
1
What is the units digit of 1438?
8
What is the units digit of 8641?
1
What is the tens digit of 19436?
3
What is the hundreds digit of 1746?
7
What is the tens digit of 3154?
5
What is the units digit of 1577?
7
What is the thousands digit of 1262?
1
What is the tens digit of 1184?
8
What is the hundreds digit of 51848?
8
What is the ten thousands digit of 54095?
5
What is the units digit of 5462?
2
What is the units digit of 2685?
5
What is the hundreds digit of 31110?
1
What is the units digit of 5290?
0
What is the hundreds digit of 154?
1
What is the hundreds digit of 335?
3
What is the hundreds digit of 36473?
4
What is the hundreds digit of 206?
2
What is the thousands digit of 12792?
2
What is the ten thousands digit of 37733?
3
What is the thousands digit of 1990?
1
What is the units digit of 312?
2
What is the units digit of 76292?
2
What is the hundreds digit of 178723?
7
What is the thousands digit of 1114?
1
What is the hundreds digit of 283?
2
What is the hundreds digit of 198?
1
What is the units digit of 15847?
7
What is the ten thousands digit of 45368?
4
What is the thousands digit of 8208?
8
What is the units digit of 2095?
5
What is the hundreds digit of 946?
9
What is the thousands digit of 8290?
8
What is the thousands digit of 107647?
7
What is the units digit of 34475?
5
What is the units digit of 23158?
8
What is the tens digit of 1204?
0
What is the hundreds digit of 139815?
8
What is the hundreds digit of 17862?
8
What is the thousands digit of 8946?
8
What is the tens digit of 1263?
6
What is the hundreds digit of 767?
7
What is the units digit of 23054?
4
What is the ten thousands digit of 55150?
5
What is the hundreds digit of 3762?
7
What is the hundreds digit of 794?
7
What is the tens digit of 553?
5
What is the tens digit of 619?
1
What is the hundreds digit of 86551?
5
What is the tens digit of 6975?
7
What is the tens digit of 356?
5
What is the thousands digit of 159050?
9
What is the tens digit of 677?
7
What is the thousands digit of 1773?
1
What is the tens digit of 60001?
0
What is the tens digit of 41124?
2
What is the ten thousands digit of 17876?
1
What is the units digit of 60089?
9
What is the ten thousands digit of 12096?
1
What is the hundreds digit of 1362?
3
What is the thousands digit of 12129?
2
What is the units digit of 1098?
8
What is the tens digit of 4232?
3
What is the hundreds digit of 623?
6
What is the thousands digit of 2160?
2
What is the ten thousands digit of 21700?
2
What is the tens digit of 14642?
4
What is the units digit of 4362?
2
What is the thousands digit of 3048?
3
What is the ten thousands digit of 12326?
1
What is the units digit of 2662?
2
What is the hundreds digit of 3121?
1
What is the units digit of 26161?
1
What is the units digit of 479?
9
What is the tens digit of 613?
1
What is the units digit of 30810?
0
What is the units digit of 8169?
9
What is the ten thousands digit of 10387?
1
What is the thousands digit of 1182?
1
What is the units digit of 867?
7
What is the hundreds digit of 6727?
7
What is the hundreds digit of 811?
8
What is the hundreds digit of 369?
3
What is the tens digit of 55604?
0
What is the thousands digit of 1924?
1
What is the tens digit of 1074?
7
What is the thousands digit of 19505?
9
What is the units digit of 19683?
3
What is the ten thousands digit of 16882?
1
What is the hundreds digit of 2055?
0
What is the hundreds digit of 3990?
9
What is the hundreds digit of 378?
3
What is the tens digit of 7069?
6
What is the tens digit of 17581?
8
What is the hundreds digit of 7373?
3
What is the tens digit of 5798?
9
What is the thousands digit of 73495?
3
What is the tens digit of 1774?
7
What is the tens digit of 158842?
4
What is the hundreds digit of 3290?
2
What is the hundreds digit of 1536?
5
What is the thousands digit of 4340?
4
What is the hundreds digit of 10029?
0
What is the units digit of 1562?
2
What is the tens digit of 19406?
0
What is the units digit of 1578?
8
What is the hundreds digit of 4877?
8
What is the tens digit of 12893?
9
What is the hundreds digit of 1152?
1
What is the units digit of 9045?
5
What is the units digit of 475?
5
What is the hundreds digit of 1021?
0
What is the hundreds digit of 1827?
8
What is the hundreds digit of 182?
1
What is the ten thousands digit of 16181?
1
What is the tens digit of 72659?
5
What is the ten thousands digit of 71518?
7
What is the hundreds digit of 3785?
7
What is the hundreds digit of 29047?
0
What is the units digit of 1304?
4
What is the ten thousands digit of 22312?
2
What is the units digit of 9986?
6
What is the tens digit of 268?
6
What is the thousands digit of 21990?
1
What is the tens digit of 3874?
7
What is the hundred thousands digit of 165115?
1
What is the units digit of 37440?
0
What is the tens digit of 612?
1
What is the tens digit of 614?
1
What is the thousands digit of 5466?
5
What is the hundreds digit of 1949?
9
What is the tens digit of 549?
4
What is the thousands digit of 24812?
4
What is the units digit of 34145?
5
What is the tens digit of 64130?
3
What is the hundreds digit of 25593?
5
What is the hundreds digit of 303?
3
What is the units digit of 1325?
5
What is the units digit of 3606?
6
What is the units digit of 25388?
8
What is the hundreds digit of 191728?
7
What is the hundreds digit of 479?
4
What is the hundreds digit of 4301?
3
What is the units digit of 7416?
6
What is the tens digit of 606?
0
What is the units digit of 2739?
9
What is the tens digit of 462?
6
What is the thousands digit of 4051?
4
What is the hundreds digit of 5900?
9
What is the hundreds digit of 102?
1
What is the tens digit of 159?
5
What is the hundreds digit of 3480?
4
What is the ten thousands digit of 107433?
0
What is the units digit of 42911?
1
What is the tens digit of 16750?
5
What is the hundreds digit of 18320?
3
